{"id":3,"date":"2022-02-08T13:33:55","date_gmt":"2022-02-08T13:33:55","guid":{"rendered":"https:\/\/demo.creativethemes.com\/stagingfour\/?page_id=3"},"modified":"2025-01-07T09:48:10","modified_gmt":"2025-01-07T09:48:10","slug":"privacy-policy","status":"publish","type":"page","link":"https:\/\/quiromallol.com\/?page_id=3","title":{"rendered":"Pol\u00edtica de privadesa"},"content":{"rendered":"\n<div class=\"wp-block-group alignwide is-vertical is-layout-flex wp-container-core-group-is-layout-3c40b487 wp-block-group-is-layout-flex\" style=\"padding-right:0;padding-left:0\">\n<h2 class=\"wp-block-heading has-palette-color-2-color has-palette-color-8-background-color has-text-color has-background has-link-color wp-elements-0938ca1f5ff3d81feaab9b7ffc087948 wp-container-content-9cfa9a5a\"><\/h2>\n\n\n\n<p style=\"margin-right:0;margin-left:0\">Ignasi Armella Mallol &#8216;<strong>Quiromallol<\/strong>&#8216; t&#8217;informa sobre la seva Pol\u00edtica de Privadesa respecte del tractament i protecci\u00f3 de les dades de car\u00e0cter personal dels usuaris i clients que puguin ser demanades per la navegaci\u00f3 o contractaci\u00f3 de serveis a trav\u00e9s del lloc web <strong>www.quiromallol.com<\/strong>.<\/p>\n\n\n\n<p style=\"margin-right:0;margin-left:0\">En aquest sentit, el Titular garanteix el compliment de la normativa vigent en mat\u00e8ria de protecci\u00f3 de dades personals, reflectida a la Llei Org\u00e0nica 3\/2018, de 5 de desembre, de Protecci\u00f3 de Dades Personals i de Garantia de Drets Digitals (LOPD GDD). <br>Compleix tamb\u00e9 amb el Reglament (UE) 2016\/679 del Parlament Europeu i del Consell de 27 d&#8217;abril del 2016 relatiu a la protecci\u00f3 de les persones f\u00edsiques (RGPD). L&#8217;\u00fas del lloc web implica l&#8217;acceptaci\u00f3 d&#8217;aquesta Pol\u00edtica de Privadesa aix\u00ed com les condicions incloses a l&#8217;Av\u00eds Legal.<\/p>\n<\/div>\n\n\n\n<div style=\"height:75px\" aria-hidden=\"true\" class=\"wp-block-spacer\"><\/div>\n\n\n\n<div class=\"wp-block-columns is-layout-flex wp-container-core-columns-is-layout-28f84493 wp-block-columns-is-layout-flex\">\n<div class=\"wp-block-column is-layout-flow wp-block-column-is-layout-flow\" style=\"flex-basis:33.33%\">\n<h3 class=\"wp-block-heading has-palette-color-2-color has-text-color has-link-color wp-elements-23168373d5d6507d9f6e0450cf244c07\">Identitat del responsable<\/h3>\n<\/div>\n\n\n\n<div class=\"wp-block-column is-layout-flow wp-block-column-is-layout-flow\" style=\"flex-basis:66.66%\">\n<p>Titular: <strong>Ignasi Armella Mallol<\/strong><br>Dades del Col.legi Professional: <strong>CEPT CIM GIRONA <\/strong><br>NIF\/CIF: <strong>33938971X<\/strong> <br>Domicili: <strong>C\/ Club N\u00e0utic, Torre 3, Escala A, 5-4<\/strong><br>Correu electr\u00f2nic: <strong><a href=\"mailto:mallol.massagepro@gmail.com\" target=\"_blank\" rel=\"noreferrer noopener\">mallol.massagepro@gmail.com<\/a><\/strong><br>Lloc web: <strong><a href=\"https:\/\/quiromallol.com\/\" data-type=\"page\" data-id=\"1042\">www.quiromallol.com<\/a><\/strong><\/p>\n<\/div>\n<\/div>\n\n\n\n<div style=\"height:63px\" aria-hidden=\"true\" class=\"wp-block-spacer\"><\/div>\n\n\n\n<div class=\"wp-block-columns is-layout-flex wp-container-core-columns-is-layout-28f84493 wp-block-columns-is-layout-flex\">\n<div class=\"wp-block-column is-layout-flow wp-block-column-is-layout-flow\" style=\"flex-basis:33.33%\">\n<h3 class=\"wp-block-heading has-palette-color-2-color has-text-color has-link-color wp-elements-2a0d81987f9a050b71015f1861b038db\">Principis aplicats al tractament de dades<\/h3>\n<\/div>\n\n\n\n<div class=\"wp-block-column is-layout-flow wp-block-column-is-layout-flow\" style=\"flex-basis:66.66%\">\n<p>En el tractament de les teves dades personals, el Titular aplicar\u00e0 els principis seg\u00fcents que s&#8217;ajusten a les exig\u00e8ncies del nou reglament europeu de protecci\u00f3 de dades: <br><br>&#8211; Principi de licitud, lleialtat i transpar\u00e8ncia: El Titular sempre requerir\u00e0 el consentiment per al tractament de les teves dades personals que pot ser per a una o diverses finalitats espec\u00edfiques sobre les quals t&#8217;informar\u00e0 pr\u00e8viament amb absoluta transpar\u00e8ncia. <br>-Principi de minimitzaci\u00f3 de dades: El Titular et sol\u00b7licitar\u00e0 nom\u00e9s les dades estrictament necess\u00e0ries per a la finalitat o fins que les sol\u00b7licita. <br>&#8211; Principi de limitaci\u00f3 del termini de conservaci\u00f3: Les dades es mantindran durant el temps estrictament necessari per a la fi o fins del tractament. El titular t&#8217;informar\u00e0 del termini de conservaci\u00f3 corresponent segons la finalitat. En el cas de subscripcions, el titular revisar\u00e0 peri\u00f2dicament les llistes i eliminar\u00e0 aquells registres inactius durant un temps considerable. <br>&#8211; Principi d&#8217;integritat i confidencialitat: Les teves dades seran tractades de manera que la seva seguretat, confidencialitat i integritat estigui garantida. Has de saber que el Titular pren les precaucions necess\u00e0ries per evitar l&#8217;acc\u00e9s no autoritzat o \u00fas indegut de les dades dels usuaris per part de tercers.<\/p>\n<\/div>\n<\/div>\n\n\n\n<div style=\"height:63px\" aria-hidden=\"true\" class=\"wp-block-spacer\"><\/div>\n\n\n\n<div class=\"wp-block-columns is-layout-flex wp-container-core-columns-is-layout-28f84493 wp-block-columns-is-layout-flex\">\n<div class=\"wp-block-column is-layout-flow wp-block-column-is-layout-flow\" style=\"flex-basis:33.33%\">\n<h3 class=\"wp-block-heading has-palette-color-2-color has-text-color has-link-color wp-elements-c07b2f959c73a02b3acd8e84e2a91b3f\">Obtenci\u00f3 de dades personals<\/h3>\n<\/div>\n\n\n\n<div class=\"wp-block-column is-layout-flow wp-block-column-is-layout-flow\" style=\"flex-basis:66.66%\">\n<p>Per navegar per <strong>www.quiromallol.com<\/strong> no cal que facilitis cap dada personal. Els casos en qu\u00e8 s\u00ed que proporciones les teves dades personals s\u00f3n els seg\u00fcents: En contactar a trav\u00e9s dels formularis de contacte o enviar un correu electr\u00f2nic.<\/p>\n<\/div>\n<\/div>\n\n\n\n<div style=\"height:63px\" aria-hidden=\"true\" class=\"wp-block-spacer\"><\/div>\n\n\n\n<div class=\"wp-block-columns is-layout-flex wp-container-core-columns-is-layout-28f84493 wp-block-columns-is-layout-flex\">\n<div class=\"wp-block-column is-layout-flow wp-block-column-is-layout-flow\" style=\"flex-basis:33.33%\">\n<h3 class=\"wp-block-heading has-palette-color-2-color has-text-color has-link-color wp-elements-eec352b763169558c8da3de4b77b5fef\">Els teus drets<\/h3>\n<\/div>\n\n\n\n<div class=\"wp-block-column is-layout-flow wp-block-column-is-layout-flow\" style=\"flex-basis:66.66%\">\n<p>El Titular t&#8217;informa que sobre les teves dades personals tens dret a: <br><br>&#8211; Sol\u00b7licitar l&#8217;acc\u00e9s a les dades emmagatzemades. <br>&#8211; Sol\u00b7licitar una rectificaci\u00f3 o la cancel\u00b7laci\u00f3. <br>&#8211; Sol\u00b7licitar la limitaci\u00f3 del tractament. <br>&#8211; Oposar-te al tractament. <br>&#8211; Sol\u00b7licitar la portabilitat de les teves dades. <br><br>L&#8217;exercici d&#8217;aquests drets \u00e9s personal i, per tant, ha de ser exercit directament per l&#8217;interessat, sol\u00b7licitant-ho directament al Titular, cosa que significa que qualsevol client, subscriptor o col\u00b7laborador que hagi facilitat les dades en algun moment pot adre\u00e7ar-se al Titular i demanar informaci\u00f3 sobre les dades que t\u00e9 emmagatzemades i com les ha obtingut, sol\u00b7licitar-ne la rectificaci\u00f3, sol\u00b7licitar la portabilitat de les seves dades personals, oposar-se al tractament, limitar-ne l&#8217;\u00fas o sol\u00b7licitar la cancel\u00b7laci\u00f3 d&#8217;aquestes dades als fitxers del Titular.<\/p>\n\n\n\n<p>Per exercir els vostres drets d&#8217;acc\u00e9s, rectificaci\u00f3, cancel\u00b7laci\u00f3, portabilitat i oposici\u00f3 heu d&#8217;enviar un correu electr\u00f2nic a quiromallol@gmail.com juntament amb la prova v\u00e0lida en dret com una fotoc\u00f2pia del D.N.I. o equivalent. Teniu dret a la tutela judicial efectiva a presentar una reclamaci\u00f3 davant l&#8217;autoritat de control, en aquest cas, l&#8217;Ag\u00e8ncia Espanyola de Protecci\u00f3 de Dades, si considereu que el tractament de dades personals que us concerneixen infringeix el Reglament.<\/p>\n<\/div>\n<\/div>\n\n\n\n<div style=\"height:63px\" aria-hidden=\"true\" class=\"wp-block-spacer\"><\/div>\n\n\n\n<div class=\"wp-block-columns is-layout-flex wp-container-core-columns-is-layout-28f84493 wp-block-columns-is-layout-flex\">\n<div class=\"wp-block-column is-layout-flow wp-block-column-is-layout-flow\" style=\"flex-basis:33.33%\">\n<h3 class=\"wp-block-heading has-palette-color-2-color has-text-color has-link-color wp-elements-204db2889d1db2bfb2a9830fa7629ae2\">Finalitat del tractament de dades personals<\/h3>\n<\/div>\n\n\n\n<div class=\"wp-block-column is-layout-flow wp-block-column-is-layout-flow\" style=\"flex-basis:66.66%\">\n<p>Quan us connecteu al lloc web per enviar un correu al Titular, us subscriviu al vostre butllet\u00ed o feu una contractaci\u00f3, esteu facilitant informaci\u00f3 de car\u00e0cter personal de la qual el responsable \u00e9s el Titular. Aquesta informaci\u00f3 pot incloure dades de car\u00e0cter personal com ara la vostra adre\u00e7a IP, nom i cognoms, adre\u00e7a f\u00edsica, adre\u00e7a de correu electr\u00f2nic, n\u00famero de tel\u00e8fon, i altra informaci\u00f3. En facilitar aquesta informaci\u00f3, dones el teu consentiment perqu\u00e8 la teva informaci\u00f3 sigui recopilada, utilitzada, gestionada i emmagatzemada pel Titular, nom\u00e9s com es descriu a l&#8217;Av\u00eds Legal i a la present Pol\u00edtica de Privadesa. Les dades personals i la finalitat del tractament per part del Titular s\u00f3n diferents segons el sistema de captura d&#8217;informaci\u00f3: <br><br>&#8211; Formularis de contacte: El Titular sol\u00b7licita dades personals entre les quals poden estar: Nom i cognoms, adre\u00e7a de correu electr\u00f2nic, n\u00famero de tel\u00e8fon i adre\u00e7a del teu lloc web amb la finalitat de respondre a les teves consultes. <br>Per exemple, el Titular utilitza aquestes dades per donar resposta als teus missatges, dubtes, queixes, comentaris o inquietuds que puguis tenir relatives a la informaci\u00f3 inclosa al lloc web, els serveis que es presten a trav\u00e9s del lloc web, el tractament de les teves dades personals, q\u00fcestions referents als textos legals inclosos en el lloc web, aix\u00ed com qualsevol altra consulta que puguis tenir i que no estigui subjecta a les condicions del lloc web o de la contractaci\u00f3. <br><br>Hi ha altres finalitats per les quals el Titular tracta les teves dades personals: <br>&#8211; Per garantir el compliment de les condicions recollides a l&#8217;Av\u00eds Legal i la llei aplicable. Aix\u00f2 pot incloure el desenvolupament d&#8217;eines i algorismes que ajudin aquest lloc web a garantir la confidencialitat de les dades personals que recull. <br>&#8211; Per donar suport i millorar els serveis que ofereix aquest lloc web. <br>&#8211; Per analitzar la navegaci\u00f3. El Titular recull altres dades no identificatives que s&#8217;obtenen mitjan\u00e7ant l&#8217;\u00fas de cookies que es descarreguen al teu ordinador quan navegues pel lloc web les caracter\u00edstiques i finalitat del qual estan detallades a la Pol\u00edtica de Cookies. <br>&#8211; Per gestionar les xarxes socials. El Titular t\u00e9 pres\u00e8ncia a xarxes socials. Si et fas seguidor a les xarxes socials del Titular el tractament de les dades personals es regir\u00e0 per aquest apartat, aix\u00ed com per aquelles condicions d&#8217;\u00fas, pol\u00edtiques de privadesa i normatives d&#8217;acc\u00e9s que pertanyin a la xarxa social que sigui procedent en cada cas i que has acceptat pr\u00e8viament. <br><br>El Titular tractar\u00e0 les teves dades personals amb la finalitat d&#8217;administrar correctament la seva pres\u00e8ncia a la xarxa social, informar-te de les activitats, productes o serveis, aix\u00ed com per a qualsevol altra finalitat que les normatives de les xarxes socials permetin.<\/p>\n\n\n\n<p>En cap cas el Titular no utilitzar\u00e0 els perfils de seguidors en xarxes socials per enviar publicitat de manera individual.<\/p>\n<\/div>\n<\/div>\n\n\n\n<div style=\"height:63px\" aria-hidden=\"true\" class=\"wp-block-spacer\"><\/div>\n\n\n\n<div class=\"wp-block-columns is-layout-flex wp-container-core-columns-is-layout-28f84493 wp-block-columns-is-layout-flex\">\n<div class=\"wp-block-column is-layout-flow wp-block-column-is-layout-flow\" style=\"flex-basis:33.33%\">\n<h3 class=\"wp-block-heading has-palette-color-2-color has-text-color has-link-color wp-elements-5c229256c6f9eb43fbec82c824c8d2c7\">Seguretat de les dades personals<\/h3>\n<\/div>\n\n\n\n<div class=\"wp-block-column is-layout-flow wp-block-column-is-layout-flow\" style=\"flex-basis:66.66%\">\n<p>Per protegir les teves dades personals, el Titular pren totes les precaucions raonables i segueix les millors pr\u00e0ctiques de la ind\u00fastria per evitar-ne la p\u00e8rdua, mal \u00fas, acc\u00e9s indegut, divulgaci\u00f3, alteraci\u00f3 o destrucci\u00f3. El lloc web est\u00e0 allotjat a IONOS CLOUD S.L.U. La seguretat de les teves dades est\u00e0 garantida, ja que prenen totes les mesures de seguretat necess\u00e0ries per fer-ho. Pots consultar la seva pol\u00edtica de privadesa per tenir m\u00e9s informaci\u00f3.<\/p>\n<\/div>\n<\/div>\n\n\n\n<div style=\"height:63px\" aria-hidden=\"true\" class=\"wp-block-spacer\"><\/div>\n\n\n\n<div class=\"wp-block-columns is-layout-flex wp-container-core-columns-is-layout-28f84493 wp-block-columns-is-layout-flex\">\n<div class=\"wp-block-column is-layout-flow wp-block-column-is-layout-flow\" style=\"flex-basis:33.33%\">\n<h3 class=\"wp-block-heading has-palette-color-2-color has-text-color has-link-color wp-elements-c908ec2fbdfc850d883e7b1aecbb6657\">Contingut d&#8217;altres llocs web<\/h3>\n<\/div>\n\n\n\n<div class=\"wp-block-column is-layout-flow wp-block-column-is-layout-flow\" style=\"flex-basis:66.66%\">\n<p>Les p\u00e0gines d&#8217;aquest lloc web poden incloure contingut incrustat (per exemple, v\u00eddeos, imatges, articles, etc.). El contingut incrustat d&#8217;altres webs es comporta exactament de la mateixa manera que si haguessis visitat l&#8217;altra web. <br>Aquests llocs web poden recopilar dades sobre tu, usar cookies, incrustar un codi de seguiment addicional de tercers i supervisar la teva interacci\u00f3 usant aquest codi.<\/p>\n<\/div>\n<\/div>\n\n\n\n<div style=\"height:63px\" aria-hidden=\"true\" class=\"wp-block-spacer\"><\/div>\n\n\n\n<div class=\"wp-block-columns is-layout-flex wp-container-core-columns-is-layout-28f84493 wp-block-columns-is-layout-flex\">\n<div class=\"wp-block-column is-layout-flow wp-block-column-is-layout-flow\" style=\"flex-basis:33.33%\">\n<h3 class=\"wp-block-heading has-palette-color-2-color has-text-color has-link-color wp-elements-85116f0f8e424d07ecb61fb1025b6124\">Pol\u00edtica de &#8216;Cookies&#8217;<\/h3>\n<\/div>\n\n\n\n<div class=\"wp-block-column is-layout-flow wp-block-column-is-layout-flow\" style=\"flex-basis:66.66%\">\n<p>Perqu\u00e8 aquest lloc web funcioni correctament heu d&#8217;acceptar les &#8216;cookies&#8217;, que \u00e9s una informaci\u00f3 que s&#8217;emmagatzema al vostre navegador web. <\/p>\n\n\n\n<p>Aquesta pol\u00edtica de cookies t\u00e9 per finalitat informar-vos de manera clara i precisa sobre les cookies que s&#8217;utilitzen a la p\u00e0gina web www.quiromallol.com. <br><strong>Qu\u00e8 s\u00f3n les &#8216;cookies&#8217;?<\/strong> <br>Una &#8216;cookie&#8217; \u00e9s un petit fragment de text que els llocs web que visita envien al navegador i que permet que el lloc web recordi informaci\u00f3 sobre la seva visita, com el seu idioma preferit i altres opcions, per tal de facilitar la propera visita i fer que el lloc us resulti m\u00e9s \u00fatil. Les galetes exerceixen un paper molt important i contribueixen a tenir una millor experi\u00e8ncia de navegaci\u00f3 per a l&#8217;usuari. <br><strong>Tipus de cookies <\/strong><br>Segons qui sigui l&#8217;entitat que gestioni el domini des d&#8217;on s&#8217;envien les galetes i es tractin les dades que s&#8217;obtinguin, es poden distingir dos tipus: galetes pr\u00f2pies i galetes de tercers. Hi ha tamb\u00e9 una segona classificaci\u00f3 segons el termini de temps que romanen emmagatzemades al navegador del client, podent tractar-se de cookies de sessi\u00f3 o cookies persistents. <br>Finalment, hi ha una altra classificaci\u00f3 amb cinc tipus de galetes segons la finalitat per a la qual es tractin les dades obtingudes: galetes t\u00e8cniques, galetes de personalitzaci\u00f3, galetes d&#8217;an\u00e0lisi, galetes publicit\u00e0ries i galetes de publicitat comportamental. Per a m\u00e9s informaci\u00f3, podeu consultar la Guia sobre l&#8217;\u00fas de les cookies de l&#8217;Ag\u00e8ncia Espanyola de Protecci\u00f3 de Dades. <br><strong>Cookies utilitzades a la web <\/strong><br>Cookies pr\u00f2pies, de sessi\u00f3 i d&#8217;an\u00e0lisi. A trav\u00e9s de l&#8217;anal\u00edtica web s&#8217;obt\u00e9 informaci\u00f3 relativa al nombre d&#8217;usuaris que accedeixen a la web, el nombre de p\u00e0gines vistes, la freq\u00fc\u00e8ncia i la repetici\u00f3 de les visites, la durada, el navegador utilitzat, l&#8217;operador que presta el servei, l&#8217;idioma , el terminal que utilitza i la ciutat a la qual est\u00e0 assignada la vostra adre\u00e7a IP. Informaci\u00f3 que possibilita un servei millor i m\u00e9s apropiat per part d&#8217;aquest portal.<br><strong>Serveis de tercers<\/strong><br>Adicionalment, Quiromallol Quiromassagista t\u00e9 presencia en portals i serveis de tercers per els que si es desitja con\u00e8ixer les condicions de privadesa i us de cookies s&#8217;hauran de consultar les pol\u00edtiques proporcionades per ells mateixos: <\/p>\n\n\n\n<ul class=\"wp-block-list\">\n<li>Facebook: <a href=\"https:\/\/es-es.facebook.com\/privacy\/policy\/\">https:\/\/es-es.facebook.com\/privacy\/policy\/<\/a><\/li>\n\n\n\n<li>Instagram: <a href=\"https:\/\/about.instagram.com\/es-la\/blog\/announcements\/instagram-community-data-policy\">https:\/\/about.instagram.com\/es-la\/blog\/announcements\/instagram-community-data-policy<\/a><\/li>\n\n\n\n<li>YouTube: <a href=\"https:\/\/www.youtube.com\/intl\/ALL_es\/howyoutubeworks\/our-commitments\/protecting-user-data\/\">https:\/\/www.youtube.com\/intl\/ALL_es\/howyoutubeworks\/our-commitments\/protecting-user-data\/<\/a><\/li>\n<\/ul>\n<\/div>\n<\/div>\n\n\n\n<div style=\"height:63px\" aria-hidden=\"true\" class=\"wp-block-spacer\"><\/div>\n\n\n\n<div class=\"wp-block-columns is-layout-flex wp-container-core-columns-is-layout-28f84493 wp-block-columns-is-layout-flex\">\n<div class=\"wp-block-column is-layout-flow wp-block-column-is-layout-flow\" style=\"flex-basis:33.33%\">\n<h3 class=\"wp-block-heading has-palette-color-2-color has-text-color has-link-color wp-elements-00e5400b3feb2a27721bb366a9a59e6f\">Legitimaci\u00f3 per al tractament de dades<\/h3>\n<\/div>\n\n\n\n<div class=\"wp-block-column is-layout-flow wp-block-column-is-layout-flow\" style=\"flex-basis:66.66%\">\n<p>La base legal per al tractament de les vostres dades \u00e9s: el consentiment. Per contactar amb el Titular, subscriure&#8217;t a un butllet\u00ed o fer comentaris en aquest lloc web has d&#8217;acceptar aquesta Pol\u00edtica de Privadesa.<\/p>\n<\/div>\n<\/div>\n\n\n\n<div style=\"height:63px\" aria-hidden=\"true\" class=\"wp-block-spacer\"><\/div>\n\n\n\n<div class=\"wp-block-columns is-layout-flex wp-container-core-columns-is-layout-28f84493 wp-block-columns-is-layout-flex\">\n<div class=\"wp-block-column is-layout-flow wp-block-column-is-layout-flow\" style=\"flex-basis:33.33%\">\n<h3 class=\"wp-block-heading has-palette-color-2-color has-text-color has-link-color wp-elements-23eee6ab7448cc80b5a5dac2bcf5f5b1\">Categories de dades personals<\/h3>\n<\/div>\n\n\n\n<div class=\"wp-block-column is-layout-flow wp-block-column-is-layout-flow\" style=\"flex-basis:66.66%\">\n<p>Les categories de dades personals que tracta el Titular s\u00f3n: Dades identificatives.<\/p>\n<\/div>\n<\/div>\n\n\n\n<div style=\"height:63px\" aria-hidden=\"true\" class=\"wp-block-spacer\"><\/div>\n\n\n\n<div class=\"wp-block-columns is-layout-flex wp-container-core-columns-is-layout-28f84493 wp-block-columns-is-layout-flex\">\n<div class=\"wp-block-column is-layout-flow wp-block-column-is-layout-flow\" style=\"flex-basis:33.33%\">\n<h3 class=\"wp-block-heading has-palette-color-2-color has-text-color has-link-color wp-elements-5f5f51b37f0609a8220ccacdedfa58cb\">Conservaci\u00f3 de dades personals<\/h3>\n<\/div>\n\n\n\n<div class=\"wp-block-column is-layout-flow wp-block-column-is-layout-flow\" style=\"flex-basis:66.66%\">\n<p>Les dades personals que proporcioneu al Titular es conservaran fins que sol\u00b7liciteu la supressi\u00f3.<\/p>\n<\/div>\n<\/div>\n\n\n\n<div style=\"height:63px\" aria-hidden=\"true\" class=\"wp-block-spacer\"><\/div>\n\n\n\n<div class=\"wp-block-columns is-layout-flex wp-container-core-columns-is-layout-28f84493 wp-block-columns-is-layout-flex\">\n<div class=\"wp-block-column is-layout-flow wp-block-column-is-layout-flow\" style=\"flex-basis:33.33%\">\n<h3 class=\"wp-block-heading has-palette-color-2-color has-text-color has-link-color wp-elements-44b5428ed60bc17ed6ace02e3d8dfe69\">Exactitud i veracitat de les dades personals<\/h3>\n<\/div>\n\n\n\n<div class=\"wp-block-column is-layout-flow wp-block-column-is-layout-flow\" style=\"flex-basis:66.66%\">\n<p>Et compromets que les dades facilitades al Titular siguin correctes, completes, exactes i vigents, aix\u00ed com a mantenir-les degudament actualitzades. <br>Com a Usuari del lloc web ets l&#8217;\u00fanic responsable de la veracitat i correcci\u00f3 de les dades que remetis al lloc web exonerant el Titular de qualsevol responsabilitat al respecte.<\/p>\n<\/div>\n<\/div>\n\n\n\n<div style=\"height:63px\" aria-hidden=\"true\" class=\"wp-block-spacer\"><\/div>\n\n\n\n<div class=\"wp-block-columns is-layout-flex wp-container-core-columns-is-layout-28f84493 wp-block-columns-is-layout-flex\">\n<div class=\"wp-block-column is-layout-flow wp-block-column-is-layout-flow\" style=\"flex-basis:33.33%\">\n<h3 class=\"wp-block-heading has-palette-color-2-color has-text-color has-link-color wp-elements-15569dffcaae0654db87df210ad1f7b7\">Acceptaci\u00f3 i consentiment<\/h3>\n<\/div>\n\n\n\n<div class=\"wp-block-column is-layout-flow wp-block-column-is-layout-flow\" style=\"flex-basis:66.66%\">\n<p>Com a Usuari del lloc web declares haver estat informat de les condicions sobre protecci\u00f3 de dades de car\u00e0cter personal, acceptes i consents el tractament dels mateixos per part del Titular en la forma i per a les finalitats indicades en aquesta Pol\u00edtica de Privadesa.<\/p>\n<\/div>\n<\/div>\n\n\n\n<div style=\"height:63px\" aria-hidden=\"true\" class=\"wp-block-spacer\"><\/div>\n\n\n\n<div class=\"wp-block-columns is-layout-flex wp-container-core-columns-is-layout-28f84493 wp-block-columns-is-layout-flex\">\n<div class=\"wp-block-column is-layout-flow wp-block-column-is-layout-flow\" style=\"flex-basis:33.33%\">\n<h3 class=\"wp-block-heading has-palette-color-2-color has-text-color has-link-color wp-elements-3b55dc006619205049e9d0b9a7628132\">Revocabilitat<\/h3>\n<\/div>\n\n\n\n<div class=\"wp-block-column is-layout-flow wp-block-column-is-layout-flow\" style=\"flex-basis:66.66%\">\n<p>Per exercir els vostres drets d&#8217;acc\u00e9s, rectificaci\u00f3, cancel\u00b7laci\u00f3, portabilitat i oposici\u00f3 heu d&#8217;enviar un correu electr\u00f2nic a quiromallol@gmail.com juntament amb la prova v\u00e0lida en dret com una fotoc\u00f2pia del D.N.I. o equivalent. L&#8217;exercici dels teus drets no inclou cap dada que el Titular estigui obligat a conservar amb finalitats administratives, legals o de seguretat.<\/p>\n<\/div>\n<\/div>\n\n\n\n<div style=\"height:63px\" aria-hidden=\"true\" class=\"wp-block-spacer\"><\/div>\n\n\n\n<div class=\"wp-block-columns is-layout-flex wp-container-core-columns-is-layout-28f84493 wp-block-columns-is-layout-flex\">\n<div class=\"wp-block-column is-layout-flow wp-block-column-is-layout-flow\" style=\"flex-basis:33.33%\">\n<h3 class=\"wp-block-heading has-palette-color-2-color has-text-color has-link-color wp-elements-cf492cf29c6775a741a7a2e0db32644e\">Canvis a la Pol\u00edtica de Privadesa<\/h3>\n<\/div>\n\n\n\n<div class=\"wp-block-column is-layout-flow wp-block-column-is-layout-flow\" style=\"flex-basis:66.66%\">\n<p>El Titular es reserva el dret a modificar aquesta Pol\u00edtica de Privadesa per adaptar-la a novetats legislatives o jurisprudencials, aix\u00ed com a pr\u00e0ctiques de la ind\u00fastria. Aquestes pol\u00edtiques estaran vigents fins que siguin modificades per altres degudament publicades.<\/p>\n<\/div>\n<\/div>\n\n\n\n<div style=\"height:63px\" aria-hidden=\"true\" class=\"wp-block-spacer\"><\/div>\n","protected":false},"excerpt":{"rendered":"<p>Ignasi Armella Mallol &#8216;Quiromallol&#8216; t&#8217;informa sobre la seva Pol\u00edtica de Privadesa respecte del tractament i protecci\u00f3 de les dades de car\u00e0cter personal dels usuaris i clients que puguin ser demanades per la navegaci\u00f3 o contractaci\u00f3 de serveis a trav\u00e9s del lloc web www.quiromallol.com. En aquest sentit, el Titular garanteix el compliment de la normativa vigent [&hellip;]<\/p>\n","protected":false},"author":1,"featured_media":0,"parent":0,"menu_order":0,"comment_status":"closed","ping_status":"open","template":"","meta":{"footnotes":""},"class_list":["post-3","page","type-page","status-publish","hentry"],"blocksy_meta":[],"_links":{"self":[{"href":"https:\/\/quiromallol.com\/index.php?rest_route=\/wp\/v2\/pages\/3","targetHints":{"allow":["GET"]}}],"collection":[{"href":"https:\/\/quiromallol.com\/index.php?rest_route=\/wp\/v2\/pages"}],"about":[{"href":"https:\/\/quiromallol.com\/index.php?rest_route=\/wp\/v2\/types\/page"}],"author":[{"embeddable":true,"href":"https:\/\/quiromallol.com\/index.php?rest_route=\/wp\/v2\/users\/1"}],"replies":[{"embeddable":true,"href":"https:\/\/quiromallol.com\/index.php?rest_route=%2Fwp%2Fv2%2Fcomments&post=3"}],"version-history":[{"count":46,"href":"https:\/\/quiromallol.com\/index.php?rest_route=\/wp\/v2\/pages\/3\/revisions"}],"predecessor-version":[{"id":2071,"href":"https:\/\/quiromallol.com\/index.php?rest_route=\/wp\/v2\/pages\/3\/revisions\/2071"}],"wp:attachment":[{"href":"https:\/\/quiromallol.com\/index.php?rest_route=%2Fwp%2Fv2%2Fmedia&parent=3"}],"curies":[{"name":"wp","href":"https:\/\/api.w.org\/{rel}","templated":true}]}}